actors of 8329?
8329
What are the prime factors of 463?
463
What are the prime factors of 35893?
11, 13, 251
List the prime factors of 23286.
2, 3, 3881
List the prime factors of 24925.
5, 997
What are the prime factors of 5236?
2, 7, 11, 17
List the prime factors of 1857.
3, 619
List the prime factors of 3111.
3, 17, 61
What are the prime factors of 27828?
2, 3, 773
What are the prime factors of 29126?
2, 14563
List the prime factors of 668.
2, 167
What are the prime factors of 83845?
5, 41, 409
What are the prime factors of 113?
113
What are the prime factors of 12799?
12799
What are the prime factors of 1537?
29, 53
What are the prime factors of 3661?
7, 523
List the prime factors of 9344.
2, 73
List the prime factors of 318.
2, 3, 53
List the prime factors of 6784.
2, 53
What are the prime factors of 1397?
11, 127
List the prime factors of 419.
419
What are the prime factors of 5179?
5179
List the prime factors of 1098.
2, 3, 61
List the prime factors of 345.
3, 5, 23
What are the prime factors of 7402?
2, 3701
What are the prime factors of 999?
3, 37
What are the prime factors of 5201?
7, 743
List the prime factors of 3476.
2, 11, 79
List the prime factors of 26075.
5, 7, 149
List the prime factors of 9787.
9787
List the prime factors of 30925.
5, 1237
List the prime factors of 35395.
5, 7079
List the prime factors of 156107.
7, 29, 769
List the prime factors of 6777.
3, 251
List the prime factors of 538.
2, 269
List the prime factors of 10855.
5, 13, 167
List the prime factors of 2471.
7, 353
What are the prime factors of 6634?
2, 31, 107
What are the prime factors of 13428?
2, 3, 373
What are the prime factors of 617?
617
List the prime factors of 18938.
2, 17, 557
What are the prime factors of 73972?
2, 18493
List the prime factors of 48346.
2, 23, 1051
List the prime factors of 1170.
2, 3, 5, 13
List the prime factors of 7021.
7, 17, 59
What are the prime factors of 536?
2, 67
List the prime factors of 1053.
3, 13
What are the prime factors of 135?
3, 5
What are the prime factors of 173?
173
List the prime factors of 521.
521
List the prime factors of 3160.
2, 5, 79
List the prime factors of 5826.
2, 3, 971
What are the prime factors of 37441?
37441
List the prime factors of 143112.
2, 3, 67, 89
What are the prime factors of 4683?
3, 7, 223
What are the prime factors of 217?
7, 31
What are the prime factors of 4330?
2, 5, 433
List the prime factors of 127.
127
What are the prime factors of 111565?
5, 53, 421
What are the prime factors of 7543?
19, 397
What are the prime factors of 608?
2, 19
List the prime factors of 3000.
2, 3, 5
List the prime factors of 447.
3, 149
List the prime factors of 30651.
3, 17, 601
List the prime factors of 113095.
5, 22619
List the prime factors of 1983.
3, 661
List the prime factors of 150.
2, 3, 5
List the prime factors of 429.
3, 11, 13
List the prime factors of 76661.
13, 5897
List the prime factors of 3045.
3, 5, 7, 29
What are the prime factors of 1086?
2, 3, 181
What are the prime factors of 3329?
3329
List the prime factors of 8567.
13, 659
List the prime factors of 23177.
7, 11, 43
What are the prime factors of 48959?
173, 283
List the prime factors of 26823.
3, 8941
List the prime factors of 3320.
2, 5, 83
List the prime factors of 7161.
3, 7, 11, 31
List the prime factors of 1484.
2, 7, 53
List the prime factors of 1047.
3, 349
List the prime factors of 1469.
13, 113
What are the prime factors of 952?
2, 7, 17
List the prime factors of 1743.
3, 7, 83
What are the prime factors of 2370?
2, 3, 5, 79
List the prime factors of 3842.
2, 17, 113
What are the prime factors of 861?
3, 7, 41
What are the prime factors of 4242?
2, 3, 7, 101
List the prime factors of 1218.
2, 3, 7, 29
What are the prime factors of 17429?
29, 601
What are the prime factors of 1739?
37, 47
List the prime factors of 6164.
2, 23, 67
List the prime factors of 4855.
5, 971
List the prime factors of 3882.
2, 3, 647
List the prime factors of 2172.
2, 3, 181
List the prime factors of 4275.
3, 5, 19
List the prime factors of 73435.
5, 19, 773
What are the prime factors of 85073?
241, 353
What are the prime factors of 19325?
5, 773
What are the prime factors of 10737?
3, 1193
What are the prime factors of 7723?
7723
What are the prime factors of 3072?
2, 3
What are the prime factors of 5547?
3, 43
List the prime factors of 46547.
89, 523
What are the prime factors of 1058?
2, 23
What are the prime factors of 84119?
7, 61, 197
What are the prime factors of 3875?
5, 31
What are the prime factors of 395?
5, 79
List the prime factors of 1216.
2, 19
What are the prime factors of 1257?
3, 419
List the prime factors of 24159.
3, 8053
List the prime factors of 668.
2, 167
What are the prime factors of 469?
7, 67
List the prime factors of 20065.
5, 4013
List the prime factors of 541.
541
List the prime factors of 7073.
11, 643
List the prime factors of 13497.
3, 11, 409
List the prime factors of 109.
109
List the prime factors of 2125.
5, 17
List the prime factors of 812.
2, 7, 29
What are the prime factors of 22998?
2, 3, 3833
What are the prime factors of 4043?
13, 311
What are the prime factors of 20684?
2, 5171
What are the prime factors of 6361?
6361
List the prime factors of 1113.
3, 7, 53
List the prime factors of 5721.
3, 1907
What are the prime factors of 2115?
3, 5, 47
List the prime factors of 86430.
2, 3, 5, 43, 67
List the prime factors of 23600.
2, 5, 59
What are the prime factors of 34752?
2, 3, 181
List the prime factors of 7249.
11, 659
What are the prime factors of 5898?
2, 3, 983
List the prime factors of 7221.
3, 29, 83
What are the prime factors of 1518?
2, 3, 11, 23
What are the prime factors of 1276?
2, 11, 29
What are the prime factors of 1843?
19, 97
What are the prime factors of 11866?
2, 17, 349
List the prime factors of 5705.
5, 7, 163
List the prime factors of 1212.
2, 3, 101
What are the prime factors of 20644?
2, 13, 397
List the prime factors of 50050.
2, 5, 7, 11, 13
What are the prime factors of 45490?
2, 5, 4549
List the prime factors of 662.
2, 331
What are the prime factors of 25859?
19, 1361
What are the prime factors of 1214?
2, 607
List the prime factors of 4.
2
What are the prime factors of 2319?
3, 773
List the prime factors of 143323.
331, 433
List the prime factors of 5208.
2, 3, 7, 31
List the prime factors of 1419.
3, 11, 43
What are the prime factors of 2410?
2, 5, 241
What are the prime factors of 925?
5, 37
List the prime factors of 3315.
3, 5, 13, 17
List the prime factors of 1404.
2, 3, 13
What are the prime factors of 1139?
17, 67
What are the prime factors of 4038?
2, 3, 673
List the prime factors of 68718.
2, 3, 13, 881
What are the prime factors of 18308?
2, 23, 199
What are the prime factors of 478?
2, 239
List the prime factors of 19255.
5, 3851
List the prime factors of 8502.
2, 3, 13, 109
List the prime factors of 919.
919
List the prime factors of 921.
3, 307
List the prime factors of 3040.
2, 5, 19
What are the prime factors of 5413?
5413
What are the prime factors of 1008?
2, 3, 7
What are the prime factors of 32784?
2, 3, 683
What are the prime factors of 1898?
2, 13, 73
What are the prime factors of 251?
251
What are the prime factors of 12220?
2, 5, 13, 47
What are the prime factors of 1527?
3, 509
List the prime factors of 7184.
2, 449
List the prime factors of 19639.
41, 479
What are the prime factors of 13294?
2, 17, 23
What are the prime factors of 12894?
2, 3, 7, 307
List the prime factors of 12640.
2, 5, 79
What are the prime factors of 1378?
2, 13, 53
What are the prime factors of 40200?
2, 3, 5, 67
What are the prime factors of 40167?
3, 4463
What are the prime factors of 2543?
2543
What are the prime factors of 21803?
21803
What are the prime factors of 213?
3, 71
What are the prime factors of 1134?
2, 3, 7
List the prime factors of 32569.
32569
List the prime factors of 2140.
2, 5, 107
List the prime factors of 21127.
37, 571
List the prime factors of 28198.
2, 23, 613
What are the prime factors of 1522?
2, 761
What are the prime factors of 7950?
2, 3, 5, 53
List the prime factors of 433.
433
List the prime factors of 75706.
2, 37853
What are the prime factors of 196532?
2, 7, 7019
What are the prime factors of 907?
907
List the prime factors of 13215.
3, 5, 881